
3
Let y be -2 + -1 + 1 + 3. Let z(r) = 16*r + 1. List the prime factors of z(y).
17
Let w be (4/(-6))/((-2)/111). Let f = w + -21. What are the prime factors of f?
2
Let p = -18 + 19. List the prime factors of p*(2 + -3) + 38.
37
Suppose -a - 3*s + 102 = 2*a, 5 = 5*s. What are the prime factors of a?
3, 11
Let g = 11 + -7. Suppose 10 = -g*z + 5*z + h, z + 3*h = 4. List the prime factors of z.
13
Let g = 435 - 227. Suppose -4*q + s = -g, 4*q + s = -2*s + 224. What are the prime factors of q?
53
Let k = -2 + 4. Suppose -5*v - 31 = -k*w, -w - 4*v - 14 = w. Suppose 0 = -5*z + 4*q + 38, 0 = -3*z - 2*q - w*q + 45. What are the prime factors of z?
2, 5
Suppose 3*r - 205 + 1 = 0. Suppose i = 5*g - 16, 0*g + 5*i = -g + 24. Suppose r = g*f + 5*d, -33 - 7 = -4*f + 2*d. What are the prime factors of f?
2, 3
Let a be 21 + 1 + (-4 - -1). Let y = 45 - a. What are the prime factors of y?
2, 13
Let g(i) = i**3 + 6*i**2 - 7*i + 3. Let c be g(-6). Let t = 3 + -3. Suppose 0 = a + k - t*k - 5, 2*a = 5*k + c. List the prime factors of a.
2, 5
Let y be 28/(-10) + (-3)/15. Let c = y + 8. List the prime factors of c.
5
Let d(b) = 19*b - 2. Suppose -5 + 1 = -2*w. List the prime factors of d(w).
2, 3
Let r(w) = -28*w**2. Let o be r(-1). Let m = -18 - o. What are the prime factors of (4/m)/((-3)/(-15))?
2
Let v = 8 - 4. Suppose -v*c = -3*c. Suppose -4*g + 40 = -c*g. List the prime factors of g.
2, 5
Suppose w - 3*i = 4, w + i = -i - 1. Let f be 2/(w - 1/2). Suppose f = -3*r - 4*y + 15, -4*r + 3*y = -48. List the prime factors of r.
3
Let j be ((-144)/45)/((-1)/(-5)). List the prime factors of (j/12)/((-2)/12).
2
What are the prime factors of (55 - 2)*12/6?
2, 53
Let r be (12 + -13)/(2/4). Let o = r + 26. List the prime factors of o.
2, 3
Suppose 18 = c + 2. What are the prime factors of c?
2
Let r(t) = -11*t + 5*t + 11*t**2 + 8*t. What are the prime factors of r(-2)?
2, 5
Let t(o) = o**3 + 6*o**2 - 3*o + 7. Suppose -k - 2 = 0, -3*k + 8 = -4*v - 10. List the prime factors of t(v).
5
Suppose -209 = -n - 18. What are the prime factors of n?
191
Let c = -5 - -10. Suppose p = 23 - c. List the prime factors of p.
2, 3
Suppose 0*u - 55 = -4*u + 5*v, -v - 3 = 0. Suppose u + 12 = 2*c. What are the prime factors of 2/(-4)*2 + c?
2, 5
Suppose -6*f + 8*f + 439 = 5*t, 5*f - 338 = -4*t. What are the prime factors of t?
3, 29
Suppose u + 0*u = 4. Suppose 3*s + 2*k - 76 = -2*k, k - u = 0. Suppose -2*d + s = 3*d. What are the prime factors of d?
2
Let c(x) = -x**2 + 5*x + 7. Let l be c(9). Let v = l - -49. List the prime factors of v.
2, 5
Suppose 9*q - 810 = 900. What are the prime factors of q?
2, 5, 19
Let k be (-7)/(-21) + (-14)/(-3). Suppose k*a - 3 = 12. List the prime factors of a.
3
What are the prime factors of 566/8 - 65/(-52)?
2, 3
Let n be 0 - (-2 - (0 - 2)). Let h(p) = -3*p - 12. Let j(y) = 7*y + 24. Let a(k) = -9*h(k) - 4*j(k). List the prime factors of a(n).
2, 3
Suppose -3*c + 9 = -2*c. Let w(f) = -f**2 + 14*f - 11. List the prime factors of w(c).
2, 17
Let i be ((-1)/3)/((-2)/(-12)). List the prime factors of i/8 + (-114)/(-8).
2, 7
Let n be 6*((-15)/(-9) - 1). Suppose -b = -2*j - 22, n*b - 58 = -3*j + j. Suppose -3*c + 4*s + 6 + 38 = 0, c - 2*s - b = 0. What are the prime factors of c?
2, 3
Let c be 1/2 - (-114)/(-12). Let v = 16 + c. What are the prime factors of v?
7
Suppose 7*a - 52 = 3*a. List the prime factors of a.
13
Let m = -23 - -15. Let d = m + 17. Suppose -5*h = 3*u - 25, -3*u + 6*h + d = 3*h. List the prime factors of u.
5
Suppose 2*h = -4*f + 26, -3*h - f + 25 = -2*f. List the prime factors of h.
3
Suppose v - 4 = -p, -v + p = -4*v + 16. Suppose -4*h = -16, -5*z = 4*h + v - 172. List the prime factors of z.
2, 3, 5
Let x(m) = m + 2. Let y be 8*(-2 + 1 + 2). What are the prime factors of x(y)?
2, 5
Let x(q) = -q**3 + 10*q**2 + 2*q - 12. Let g be x(10). Let r = 5 - 3. Suppose 5*b + g*m = 3*m + 25, -4*b + 22 = r*m. List the prime factors of b.
2, 3
Suppose 0*h = -2*h - 5*d - 344, 170 = -h - 2*d. What are the prime factors of h/(-4) - 3/(-6)?
41
Suppose 0 = -5*w - 6 + 21. Suppose 0 = -4*d + w*f + 68 + 99, 10 = -2*f. What are the prime factors of d?
2, 19
Let q(a) = a - 2. Let p be q(4). Let b = -5 - -7. Suppose 4*z = 2*c - 16, 3*c + b*z + p = c. List the prime factors of c.
2
Let o(t) = 2*t - 2. Let r be o(2). Let c(a) = 1 - 1 + r + a. What are the prime factors of c(5)?
7
Let h = 22 + -16. What are the prime factors of h?
2, 3
Suppose 4*i = 5*s + 254, 2*i - 4*i = s - 134. What are the prime factors of i?
2, 3, 11
Let x be (1 + 1)/((-1)/22). Let s = -15 - x. Suppose 0 = -5*l + 11 + s. List the prime factors of l.
2
Let j = 121 - 46. List the prime factors of j.
3, 5
Let h(a) = a**2 + 16*a + 82. What are the prime factors of h(-25)?
307
Suppose -2*f + 62 = 5*t, 5*t + 0 - 63 = -3*f. Let d = t + 15. List the prime factors of d.
3
Suppose 0 = -0*o + 3*o + r + 28, -2*o = 2*r + 24. Let z(j) be the first derivative of -j**2/2 - 4*j - 1. List the prime factors of z(o).
2
Let c be -1 - (6/(-3) - -2). Let q = c - -2. What are the prime factors of 15/(-6)*-4*q?
2, 5
Let l = -37 - -86. What are the prime factors of l?
7
Suppose 4*n - 10*n + 54 = 0. Let t be ((-15)/3)/((-2)/8). Suppose -4*h - t = -n*h. What are the prime factors of h?
2
Let b(c) = 3*c**2 + 1. List the prime factors of b(3).
2, 7
Suppose 3 = b, -5*b + 72 = 2*i - 17. Suppose i + 39 = -4*m. Let w = m - -28. What are the prime factors of w?
3
Let m(k) = -k - 2. Let f be m(-7). Let j = f - -2. What are the prime factors of j?
7
Let z(x) = 3*x + 1. Let y be z(-3). Let v(c) = c**2 + 7*c - 1. Let n be v(y). Suppose 0 = -0*w + w - n. List the prime factors of w.
7
Suppose -3*w + 52 = 3*u - w, 0 = 5*u - w - 78. What are the prime factors of u?
2
Let c(h) be the second derivative of -h**5/20 + 7*h**4/12 + 5*h**3/3 - 3*h**2 - h. What are the prime factors of c(8)?
2, 5
Suppose 0 = j + 3 - 57. List the prime factors of j.
2, 3
Let u(l) = l - 16. Let y be u(7). Let i = 17 + y. List the prime factors of (-2 - (-26)/i)*8.
2, 5
Suppose 2 = b, 3*f + 0*b - 3*b + 228 = 0. Let a = -36 - f. Suppose -4*l + x + a = -4*x, 4*l + 3*x = 54. List the prime factors of l.
2, 3
Suppose 5*q = 191 - 51. Suppose 5*g - 105 = -5*m, 145 - q = 5*m - g. What are the prime factors of m?
23
Let r = 83 + 12. What are the prime factors of r?
5, 19
Let o = 1 - -29. List the prime factors of o.
2, 3, 5
What are the prime factors of 6/(-10) + (-1792)/(-20)?
89
Let j(k) = -k**3 - 5*k**2 - k - 1. Let h be j(-5). Suppose -44 = -4*n + 5*y, 42 = n + 4*n - 3*y. Let t = h + n. List the prime factors of t.
2, 5
Suppose 2*j = -0*j + 4*w - 6, 2*w = 4*j - 12. Suppose j*r - 22 = -2. Let c(d) = d + 2. What are the prime factors of c(r)?
2, 3
Suppose 4*j - 5*k - 219 = 221, -4*k = -5*j + 550. List the prime factors of j.
2, 5, 11
Let t(x) = 2*x - 1. Let o be t(3). Suppose n + 3 = 4*m - 4*n, o*m = -3*n + 13. Suppose 0*q = -m*q + 8. List the prime factors of q.
2
Let c = -79 - -84. Let s(z) = z + 9. Let g be s(-6). Suppose -c - g = -4*m. What are the prime factors of m?
2
List the prime factors of 1776/21 + 6 - 3/(-7).
7, 13
Let h = -33 + 46. What are the prime factors of h?
13
Suppose -3*u - 4*s - 4 = -15, 4*u - 12 = -4*s. Suppose -3*c + 20 + u = 0. List the prime factors of c.
7
Suppose -194 = -2*v + 42. Suppose 30 = -4*r + v. List the prime factors of r.
2, 11
What are the prime factors of (-3)/6 + (-1857)/(-6)?
3, 103
Let i(h) = -6*h + 7 + 2*h**2 - 4*h**2 + 3*h**2 - h. Let q be i(8). Let j = q - 11. List the prime factors of j.
2
Suppose 3*j + 4*r = 130, j - 70 = -4*r + 8*r. Let d = j - 23. List the prime factors of d.
3
Let z(k) = -k**3 - 6*k**2 + 2. Let o be z(-6). Suppose -o*n - 3*n - 17 = 2*a, -3*n = 5*a - 5. What are the prime factors of a?
2
Suppose -3*k + k = 5*w - 30, 3*w = 5*k - 13. Suppose 3*y = -3*h - 0*y - 3, -w*h = 2*y - 6. Suppose h*t = -t + 55. What are the prime factors of t?
11
Let r = 11 + 45. Let b = r + -34. List the prime factors of b.
2, 11
Let x(n) be the second derivative of -n**3/6 - n**2 + 5*n. Suppose 11 = 3*i + 32. What are the prime factors of x(i)?
5
Let s(o) = o. Let v be s(1). What are the prime factors of v + -1 + -2 + 30?
2, 7
Let a(h) = 2*h + 48. Let c be a(0). Suppose 0 = y - c. What are the prime factors of y?
2, 3
Let i = 